of 88 and 2684.
44
What is the greatest common factor of 20833 and 83?
83
Calculate the highest common factor of 7 and 75.
1
What is the highest common divisor of 256 and 16?
16
Calculate the greatest common factor of 24 and 96.
24
Calculate the greatest common factor of 784 and 1808.
16
What is the greatest common divisor of 9 and 279?
9
What is the highest common divisor of 9 and 729?
9
What is the greatest common divisor of 42 and 56?
14
What is the highest common divisor of 56 and 462?
14
Calculate the greatest common factor of 490 and 210.
70
Calculate the greatest common divisor of 156 and 52.
52
Calculate the greatest common divisor of 603 and 335.
67
Calculate the greatest common factor of 6 and 6.
6
What is the highest common divisor of 259 and 37?
37
Calculate the greatest common factor of 67 and 67.
67
What is the highest common divisor of 76 and 171?
19
Calculate the highest common factor of 9 and 1458.
9
What is the greatest common divisor of 895 and 5?
5
What is the greatest common divisor of 40 and 15?
5
What is the greatest common divisor of 837 and 93?
93
What is the greatest common factor of 2867 and 1403?
61
Calculate the highest common factor of 130 and 26.
26
What is the highest common divisor of 825 and 385?
55
Calculate the greatest common divisor of 126 and 4179.
21
Calculate the highest common divisor of 39 and 2.
1
Calculate the highest common divisor of 1953 and 105.
21
What is the greatest common divisor of 17600 and 3168?
352
What is the greatest common factor of 144 and 276?
12
Calculate the greatest common divisor of 22272 and 96.
96
What is the greatest common divisor of 65 and 169?
13
Calculate the highest common factor of 788 and 8.
4
Calculate the highest common factor of 416 and 864.
32
What is the greatest common factor of 334 and 2?
2
What is the greatest common factor of 15 and 115?
5
What is the highest common factor of 323 and 731?
17
What is the greatest common divisor of 166 and 83?
83
What is the highest common factor of 39 and 3?
3
Calculate the highest common divisor of 59 and 2419.
59
Calculate the highest common divisor of 286 and 66.
22
Calculate the greatest common factor of 4 and 356.
4
Calculate the highest common divisor of 25700 and 20.
20
What is the highest common divisor of 9170 and 70?
70
What is the highest common divisor of 90 and 8565?
15
What is the highest common factor of 3 and 87?
3
What is the greatest common divisor of 8 and 200?
8
What is the highest common divisor of 10 and 760?
10
What is the highest common factor of 25 and 25?
25
What is the highest common divisor of 8 and 568?
8
Calculate the greatest common divisor of 405 and 240.
15
What is the greatest common factor of 30 and 150?
30
What is the greatest common divisor of 74 and 8?
2
What is the greatest common divisor of 632 and 79?
79
Calculate the greatest common divisor of 10 and 70.
10
What is the highest common divisor of 644 and 154?
14
What is the highest common factor of 4 and 44?
4
What is the highest common factor of 10 and 310?
10
Calculate the highest common factor of 176 and 12848.
176
What is the greatest common factor of 2938 and 52?
26
What is the greatest common divisor of 527 and 217?
31
What is the greatest common divisor of 4 and 8432?
4
Calculate the highest common factor of 2123 and 193.
193
Calculate the highest common factor of 1048 and 655.
131
Calculate the highest common factor of 2516 and 68.
68
What is the highest common factor of 20538 and 252?
126
Calculate the greatest common divisor of 10 and 370.
10
Calculate the highest common divisor of 187 and 136.
17
What is the greatest common divisor of 5 and 8?
1
What is the greatest common divisor of 1131 and 195?
39
What is the highest common divisor of 30 and 60?
30
What is the greatest common factor of 12095 and 205?
205
What is the highest common factor of 21 and 35?
7
Calculate the greatest common divisor of 7 and 3122.
7
What is the highest common factor of 34 and 119?
17
What is the greatest common divisor of 396 and 24?
12
What is the greatest common factor of 3201 and 264?
33
What is the highest common divisor of 150 and 38175?
75
What is the greatest common divisor of 48 and 1200?
48
Calculate the greatest common factor of 6636 and 84.
84
Calculate the highest common factor of 117 and 2403.
9
Calculate the greatest common factor of 100 and 20.
20
What is the highest common factor of 12 and 596?
4
Calculate the highest common divisor of 1767 and 19.
19
What is the greatest common factor of 352 and 121?
11
Calculate the highest common factor of 2987 and 145.
29
Calculate the highest common divisor of 168 and 462.
42
Calculate the highest common factor of 6897 and 456.
57
What is the greatest common divisor of 819 and 63?
63
What is the highest common divisor of 8 and 478?
2
Calculate the highest common factor of 3614 and 13.
13
Calculate the greatest common divisor of 26 and 1196.
26
What is the highest common factor of 294 and 60?
6
What is the greatest common divisor of 768 and 36?
12
What is the greatest common divisor of 192 and 40?
8
Calculate the greatest common factor of 25 and 175.
25
What is the highest common factor of 275 and 100?
25
Calculate the highest common divisor of 3835 and 531.
59
Calculate the greatest common factor of 5 and 5.
5
What is the highest common divisor of 10 and 395?
5
What is the greatest common factor of 627 and 171?
57
What is the greatest common factor of 122 and 427?
61
Calculate the greatest common factor of 24 and 40.
8
Calculate the greatest common factor of 208 and 1027.
13
What is the highest common divisor of 2 and 78?
2
Calculate the greatest common divisor of 24 and 276.
12
Calculate the highest common factor of 78 and 1846.
26
Calculate the greatest common divisor of 610 and 12566.
122
Calculate the greatest common divisor of 22 and 627.
11
Calculate the highest common factor of 108 and 1890.
54
What is the greatest common divisor of 12225 and 150?
75
What is the highest common divisor of 51 and 85?
17
Calculate the greatest common factor of 34 and 646.
34
Calculate the highest common factor of 37 and 21349.
37
What is the highest common divisor of 1260 and 4032?
252
Calculate the highest common divisor of 1539 and 189.
27
Calculate the highest common divisor of 16 and 44.
4
What is the greatest common divisor of 339 and 20679?
339
Calculate the greatest common factor of 384 and 2028.
12
Calculate the highest common divisor of 371 and 28.
7
What is the highest common factor of 76 and 209?
19
What is the highest common divisor of 1843 and 194?
97
What is the highest common divisor of 264 and 143?
11
What is the highest common factor of 20 and 490?
10
What is the greatest common factor of 219 and 3?
3
What is the highest common factor of 110 and 80?
10
What is the greatest common divisor of 56 and 18102?
14
Calculate the highest common factor of 70 and 35.
35
What is the highest common divisor of 256 and 304?
16
Calculate the greatest common divisor of 258 and 473.
43
Calculate the greatest common factor of 30 and 710.
10
What is the greatest common divisor of 2 and 82?
2
Calculate the greatest common factor of 62 and 75454.
62
Calculate the greatest common divisor of 51 and 6.
3
What is the greatest common factor of 1334 and 348?
58
Calculate the greatest common factor of 1991 and 44.
11
Calculate the greatest common factor of 267 and 120684.
267
What is the greatest common factor of 30 and 126?
6
Calculate the highest common factor of 132 and 330.
66
Calculate the greatest common factor of 10761 and 153.
51
Calculate the highest common divisor of 51 and 6681.
51
Calculate the highest common factor of 273 and 312.
39
Calculate the highest common divisor of 243 and 87.
3
Calculate the highest common divisor of 10 and 365.
5
Calculate the highest common divisor of 3 and 5232.
3
What is the greatest common factor of 60 and 75?
15
Calculate the highest common factor of 7209 and 81.
81
What is the highest common divisor of 10913 and 42?
7
What is the highest common divisor of 20 and 83740?
20
Calculate the highest common divisor of 2388 and 12.
12
Calculate the greatest common factor of 850 and 500.
50
What is the greatest common divisor of 46 and 15203?
23
Calculate the highest common divis